{"id":286,"date":"2006-10-11T23:10:50","date_gmt":"2006-10-11T21:10:50","guid":{"rendered":"http:\/\/www.mandyschiefner.ch\/blog\/?page_id=394"},"modified":"2021-02-14T17:24:41","modified_gmt":"2021-02-14T17:24:41","slug":"author","status":"publish","type":"page","link":"https:\/\/2headz.ch\/blog\/author\/","title":{"rendered":"HEADZ"},"content":{"rendered":"<p>Im\u00a0<strong>headz-Blog<\/strong>\u00a0informieren wir aktuell \u00fcber die Erfahrungen und Ergebnisse unserer Aktivit\u00e4ten sowie \u00fcber alles in und au\u00dferhalb des World Wide Web, was wir in diesem Zusammenhang als innovativ, wissenswert erachten oder einfach nur wichtig finden.<\/p>\n<p>Im Mittelpunkt dabei steht &#8222;Bildung&#8220; als vergessenes, immer wieder bem\u00fchtes Konzept, das uns in all seinen Facetten begleitet. Besonders besch\u00e4ftigen uns dabei die Rolle der Didaktik und Medien. Dabei verfolgen wir ein Bildungsverst\u00e4ndnis, das den Menschen und seine Entwicklung als kritisch reflexive Pers\u00f6nlichkeit unterst\u00fctzt.<br \/>\nWir wollen auf Projekte und Initiativen aufmerksam machen, die dieses Verst\u00e4ndnis von Bildung unterst\u00fctzen, die kritische Diskussion zu Bildungstrends anregen und den Austausch von Wissenschaft und Praxis unterst\u00fctzen.<\/p>\n<p>Mandy Schiefner-Rohs<br \/>\nMatthias Rohs<\/p>\n<p><strong>Impressum<\/strong><\/p>\n<p>Es handelt sich bei diesem Weblog um ein privates Weblog. Die Inhalte spiegeln pers\u00f6nliche Ansichten und Meinungen wider.<\/p>\n<p>Prof. Dr. Mandy Schiefner-Rohs, Prof. Dr. Matthias Rohs<br \/>\nTU Kaiserslautern<br \/>\nErwin-Schr\u00f6dinger Stra\u00dfe<br \/>\n67663 Kaiserslautern<\/p>\n<p>E-Mail\u00a0mandy.rohs[AT]sowi.uni-kl.de \/ matthias.rohs[AT]sowi.uni-kl.de<\/p>\n<p>Haftungsausschluss: Wir stellen alle Informationen nach bestem Wissen und Gewissen zusammen. Eine Gew\u00e4hr oder jegliche Haftung f\u00fcr die Funktion, Aktualit\u00e4t, Richtigkeit, Vollst\u00e4ndigkeit oder Qualit\u00e4t der Link-Verweise und insbesondere der Informationen der verwiesenen (&#8222;verlinkten&#8220;) Internetseiten der Drittanbieter (inklusive Rechtm\u00e4\u00dfigkeit des Inhaltes) kann aber nicht \u00dcbernommen werden. Die Rechte an diesen Seiten sowie die Verantwortlichkeit f\u00fcr deren Inhalt liegen ausschlie\u00dflich beim Drittanbieter. Dies gilt insbesondere f\u00fcr Inhalte, deren Verbreitung nach deutschem und ausl\u00e4ndischem Recht verboten ist und deren Beihilfe zur Verbreitung strafrechtlich verfolgt wird. Auch kann ich nicht garantieren, dass meine Sammlung oder die verlinkten Seiten keine Viren enthalten. Ich lehne grunds\u00e4tzlich jegliche Haftung f\u00fcr materielle oder ideelle Sch\u00e4den, insbesondere auch f\u00fcr Folgesch\u00e4den, ab, die durch die Nutzung der von mir zur Verf\u00fcgung gestellten Informationen verursacht wurden. Falls ein totaler Haftungsausschluss trotz der Unentgeltlichkeit der Informationen rechtlich nicht zul\u00e4ssig sein sollte, wird meine Haftung auf vors\u00e4tzliches oder grob fahrl\u00e4ssiges Verhalten beschr\u00e4nkt.<\/p>\n<p>&nbsp;<\/p>\n","protected":false},"excerpt":{"rendered":"<p>Im\u00a0headz-Blog\u00a0informieren wir aktuell \u00fcber die Erfahrungen und Ergebnisse unserer Aktivit\u00e4ten sowie \u00fcber alles in und au\u00dferhalb des World Wide Web, was wir in diesem Zusammenhang als innovativ, wissenswert erachten oder einfach nur wichtig finden. Im Mittelpunkt dabei steht &#8222;Bildung&#8220; als vergessenes, immer wieder bem\u00fchtes Konzept, das uns in all seinen Facetten begleitet. Besonders besch\u00e4ftigen uns [&hellip;]<\/p>\n","protected":false},"author":3,"featured_media":0,"parent":0,"menu_order":0,"comment_status":"closed","ping_status":"closed","template":"","meta":{"footnotes":""},"class_list":["post-286","page","type-page","status-publish","hentry"],"_links":{"self":[{"href":"https:\/\/2headz.ch\/blog\/wp-json\/wp\/v2\/pages\/286","targetHints":{"allow":["GET"]}}],"collection":[{"href":"https:\/\/2headz.ch\/blog\/wp-json\/wp\/v2\/pages"}],"about":[{"href":"https:\/\/2headz.ch\/blog\/wp-json\/wp\/v2\/types\/page"}],"author":[{"embeddable":true,"href":"https:\/\/2headz.ch\/blog\/wp-json\/wp\/v2\/users\/3"}],"replies":[{"embeddable":true,"href":"https:\/\/2headz.ch\/blog\/wp-json\/wp\/v2\/comments?post=286"}],"version-history":[{"count":23,"href":"https:\/\/2headz.ch\/blog\/wp-json\/wp\/v2\/pages\/286\/revisions"}],"predecessor-version":[{"id":4368,"href":"https:\/\/2headz.ch\/blog\/wp-json\/wp\/v2\/pages\/286\/revisions\/4368"}],"wp:attachment":[{"href":"https:\/\/2headz.ch\/blog\/wp-json\/wp\/v2\/media?parent=286"}],"curies":[{"name":"wp","href":"https:\/\/api.w.org\/{rel}","templated":true}]}}